{"id":851,"date":"2026-03-11T11:40:41","date_gmt":"2026-03-11T11:40:41","guid":{"rendered":"https:\/\/777companysas.com\/?post_type=product&#038;p=851"},"modified":"2026-03-11T11:41:45","modified_gmt":"2026-03-11T11:41:45","slug":"lavadora-whirlpool-carga-superior-20-kilos-ww20ltahla-smart-action-gris","status":"publish","type":"product","link":"https:\/\/777companysas.com\/index.php\/producto\/lavadora-whirlpool-carga-superior-20-kilos-ww20ltahla-smart-action-gris\/","title":{"rendered":"Lavadora WHIRLPOOL Carga Superior 20 Kilos WW20LTAHLA Smart Action Gris"},"content":{"rendered":"<p>Lavadora WHIRLPOOL Carga Superior 20KG WW20LTAHLA Gris con tecnolog\u00eda Smart Action para mayor remoci\u00f3n de manchas, ahorro de agua y energ\u00e9tico, tapa de vidrio templado y panel digital en tapa con opci\u00f3n de bloqueo. Cuenta con multidispensador, 11 ciclos, opci\u00f3n de remojo adicional, luz LED indicadora de status de ciclo, canasta de acero inoidable. Tama\u00f1o compacto pero gran capacidad.\u00a1Adquiere la tuya ahora!<\/p>\n","protected":false},"excerpt":{"rendered":"<p>Smart Action: Combina 3 tecnolog\u00edas inteligentes<br \/>\nXpert Eco: Ciclo que ahorra hasta 45% de agua.<br \/>\nConsola frontal de botones sobre tapa.<br \/>\n10 a\u00f1os garantia en motor<br \/>\n5 a\u00f1os garantia en consola<\/p>\n","protected":false},"featured_media":852,"comment_status":"open","ping_status":"closed","template":"","meta":[],"product_brand":[27],"product_cat":[28],"product_tag":[],"class_list":{"0":"post-851","1":"product","2":"type-product","3":"status-publish","4":"has-post-thumbnail","6":"product_brand-whirpool","7":"product_cat-lavadoras","9":"first","10":"instock","11":"shipping-taxable","12":"product-type-simple"},"_links":{"self":[{"href":"https:\/\/777companysas.com\/index.php\/wp-json\/wp\/v2\/product\/851","targetHints":{"allow":["GET"]}}],"collection":[{"href":"https:\/\/777companysas.com\/index.php\/wp-json\/wp\/v2\/product"}],"about":[{"href":"https:\/\/777companysas.com\/index.php\/wp-json\/wp\/v2\/types\/product"}],"replies":[{"embeddable":true,"href":"https:\/\/777companysas.com\/index.php\/wp-json\/wp\/v2\/comments?post=851"}],"wp:featuredmedia":[{"embeddable":true,"href":"https:\/\/777companysas.com\/index.php\/wp-json\/wp\/v2\/media\/852"}],"wp:attachment":[{"href":"https:\/\/777companysas.com\/index.php\/wp-json\/wp\/v2\/media?parent=851"}],"wp:term":[{"taxonomy":"product_brand","embeddable":true,"href":"https:\/\/777companysas.com\/index.php\/wp-json\/wp\/v2\/product_brand?post=851"},{"taxonomy":"product_cat","embeddable":true,"href":"https:\/\/777companysas.com\/index.php\/wp-json\/wp\/v2\/product_cat?post=851"},{"taxonomy":"product_tag","embeddable":true,"href":"https:\/\/777companysas.com\/index.php\/wp-json\/wp\/v2\/product_tag?post=851"}],"curies":[{"name":"wp","href":"https:\/\/api.w.org\/{rel}","templated":true}]}}