{"id":849,"date":"2026-03-11T01:11:08","date_gmt":"2026-03-11T01:11:08","guid":{"rendered":"https:\/\/777companysas.com\/?post_type=product&#038;p=849"},"modified":"2026-03-11T01:11:08","modified_gmt":"2026-03-11T01:11:08","slug":"impresora-multifuncion-a-color-epson-ecotank-l5590-con-wifi","status":"publish","type":"product","link":"https:\/\/777companysas.com\/index.php\/producto\/impresora-multifuncion-a-color-epson-ecotank-l5590-con-wifi\/","title":{"rendered":"Impresora multifunci\u00f3n a color Epson EcoTank l5590 con wifi"},"content":{"rendered":"<p>Lo que tienes que saber de este producto<br \/>\nVoltaje: 110V.<br \/>\nImprime, escanea, hace copias y tiene fax.<br \/>\nImpresi\u00f3n doble faz manual.<br \/>\nTecnolog\u00eda de impresi\u00f3n: inyecci\u00f3n de tinta.<br \/>\nTiene entrada USB.<br \/>\nCapacidad m\u00e1xima de 100 hojas.<br \/>\nSoporta papel tama\u00f1o A4, Carta, Oficio.<br \/>\nIncluye: tarjeta de garant\u00eda, cable usb.<\/p>\n","protected":false},"excerpt":{"rendered":"<p>Tipo de impresora: Multifunci\u00f3n<\/p>\n<p>Tipo de impresi\u00f3n: Color<\/p>\n<p>Con WI-Fi : S\u00ed<\/p>\n<p>Tecnolog\u00eda de impresi\u00f3n: Inyecci\u00f3n de tinta<\/p>\n<p>Funciones de la impresora: Esc\u00e1ner, Fax, Fotocopea, Impresi<\/p>\n","protected":false},"featured_media":850,"comment_status":"open","ping_status":"closed","template":"","meta":[],"product_brand":[26],"product_cat":[24],"product_tag":[],"class_list":{"0":"post-849","1":"product","2":"type-product","3":"status-publish","4":"has-post-thumbnail","6":"product_brand-epson","7":"product_cat-impresoras","9":"first","10":"instock","11":"shipping-taxable","12":"product-type-simple"},"_links":{"self":[{"href":"https:\/\/777companysas.com\/index.php\/wp-json\/wp\/v2\/product\/849","targetHints":{"allow":["GET"]}}],"collection":[{"href":"https:\/\/777companysas.com\/index.php\/wp-json\/wp\/v2\/product"}],"about":[{"href":"https:\/\/777companysas.com\/index.php\/wp-json\/wp\/v2\/types\/product"}],"replies":[{"embeddable":true,"href":"https:\/\/777companysas.com\/index.php\/wp-json\/wp\/v2\/comments?post=849"}],"wp:featuredmedia":[{"embeddable":true,"href":"https:\/\/777companysas.com\/index.php\/wp-json\/wp\/v2\/media\/850"}],"wp:attachment":[{"href":"https:\/\/777companysas.com\/index.php\/wp-json\/wp\/v2\/media?parent=849"}],"wp:term":[{"taxonomy":"product_brand","embeddable":true,"href":"https:\/\/777companysas.com\/index.php\/wp-json\/wp\/v2\/product_brand?post=849"},{"taxonomy":"product_cat","embeddable":true,"href":"https:\/\/777companysas.com\/index.php\/wp-json\/wp\/v2\/product_cat?post=849"},{"taxonomy":"product_tag","embeddable":true,"href":"https:\/\/777companysas.com\/index.php\/wp-json\/wp\/v2\/product_tag?post=849"}],"curies":[{"name":"wp","href":"https:\/\/api.w.org\/{rel}","templated":true}]}}