{"id":811,"date":"2026-03-10T13:46:41","date_gmt":"2026-03-10T13:46:41","guid":{"rendered":"https:\/\/777companysas.com\/?post_type=product&#038;p=811"},"modified":"2026-03-11T00:52:26","modified_gmt":"2026-03-11T00:52:26","slug":"celular-motorola-g55-5g-256-gb-8-gb-ram","status":"publish","type":"product","link":"https:\/\/777companysas.com\/index.php\/producto\/celular-motorola-g55-5g-256-gb-8-gb-ram\/","title":{"rendered":"Celular MOTOROLA G55 5G 256 GB 8 GB RAM"},"content":{"rendered":"<p>Haz que tus programas, pel\u00edculas y videojuegos cobren vida en la excelente pantalla del moto g55 5G. Vive una experiencia de sonido envolvente gracias a los altavoces est\u00e9reo y el audio Dolby Atmos. Captura fotos y graba videos incre\u00edblemente n\u00edtidos gracias al sistema de c\u00e1maras y wstabilizaci\u00f3n \u00f3ptica de imagen. Dest\u00e1cate con un dise\u00f1o espectacular, disponible en versiones de cuero vegano. El moto g55 5G redefine el concepto de entretenimiento. Compra el tuyo aqui ahora!<\/p>\n","protected":false},"excerpt":{"rendered":"<p>La Pantalla responde al tacto si esta mojada<br \/>\nQue la bater\u00eda no te detenga 5.000 Mha<br \/>\nDise\u00f1o elegante y sofisticado<\/p>\n","protected":false},"featured_media":812,"comment_status":"open","ping_status":"closed","template":"","meta":[],"product_brand":[20],"product_cat":[17],"product_tag":[],"class_list":{"0":"post-811","1":"product","2":"type-product","3":"status-publish","4":"has-post-thumbnail","6":"product_brand-xiaomi","7":"product_cat-sin-categorizar","9":"first","10":"instock","11":"shipping-taxable","12":"product-type-simple"},"_links":{"self":[{"href":"https:\/\/777companysas.com\/index.php\/wp-json\/wp\/v2\/product\/811","targetHints":{"allow":["GET"]}}],"collection":[{"href":"https:\/\/777companysas.com\/index.php\/wp-json\/wp\/v2\/product"}],"about":[{"href":"https:\/\/777companysas.com\/index.php\/wp-json\/wp\/v2\/types\/product"}],"replies":[{"embeddable":true,"href":"https:\/\/777companysas.com\/index.php\/wp-json\/wp\/v2\/comments?post=811"}],"wp:featuredmedia":[{"embeddable":true,"href":"https:\/\/777companysas.com\/index.php\/wp-json\/wp\/v2\/media\/812"}],"wp:attachment":[{"href":"https:\/\/777companysas.com\/index.php\/wp-json\/wp\/v2\/media?parent=811"}],"wp:term":[{"taxonomy":"product_brand","embeddable":true,"href":"https:\/\/777companysas.com\/index.php\/wp-json\/wp\/v2\/product_brand?post=811"},{"taxonomy":"product_cat","embeddable":true,"href":"https:\/\/777companysas.com\/index.php\/wp-json\/wp\/v2\/product_cat?post=811"},{"taxonomy":"product_tag","embeddable":true,"href":"https:\/\/777companysas.com\/index.php\/wp-json\/wp\/v2\/product_tag?post=811"}],"curies":[{"name":"wp","href":"https:\/\/api.w.org\/{rel}","templated":true}]}}